{"id":22,"date":"2012-05-02T14:04:51","date_gmt":"2012-05-02T19:04:51","guid":{"rendered":"http:\/\/connect.utn.edu.ec\/facae\/carreras\/comercial\/?page_id=22"},"modified":"2024-03-13T15:23:04","modified_gmt":"2024-03-13T20:23:04","slug":"estructura-organizacional","status":"publish","type":"page","link":"https:\/\/administracion.utn.edu.ec\/?page_id=22","title":{"rendered":"Estructura Organizacional"},"content":{"rendered":"<p><strong>ORGANIGRAMA DE LA CARRERA<\/strong><\/p>\n<p style=\"text-align: justify;\">La carrera de Ingenier\u00eda Comercial cuenta con organigrama funcional dise\u00f1ado en orden jer\u00e1rquico de acuerdo con las funciones respectivas.<\/p>\n<p style=\"text-align: center;\">\u00a0<a href=\"https:\/\/administracion.utn.edu.ec\/wp-content\/uploads\/2023\/01\/organigrama-admin-2023.jpg\"><img loading=\"lazy\" decoding=\"async\" class=\"alignnone wp-image-1008 size-full\" src=\"https:\/\/administracion.utn.edu.ec\/wp-content\/uploads\/2023\/01\/organigrama-admin-2023.jpg\" width=\"567\" height=\"311\" srcset=\"https:\/\/administracion.utn.edu.ec\/wp-content\/uploads\/2023\/01\/organigrama-admin-2023.jpg 567w, https:\/\/administracion.utn.edu.ec\/wp-content\/uploads\/2023\/01\/organigrama-admin-2023-300x165.jpg 300w, https:\/\/administracion.utn.edu.ec\/wp-content\/uploads\/2023\/01\/organigrama-admin-2023-360x197.jpg 360w\" sizes=\"auto, (max-width: 567px) 100vw, 567px\" \/><\/a><\/p>\n","protected":false},"excerpt":{"rendered":"<p>ORGANIGRAMA DE LA CARRERA La carrera de Ingenier\u00eda Comercial cuenta con organigrama funcional dise\u00f1ado en orden jer\u00e1rquico de acuerdo con las funciones respectivas. \u00a0<\/p>\n","protected":false},"author":7,"featured_media":0,"parent":14,"menu_order":3,"comment_status":"closed","ping_status":"closed","template":"","meta":{"footnotes":""},"class_list":["post-22","page","type-page","status-publish","hentry"],"_links":{"self":[{"href":"https:\/\/administracion.utn.edu.ec\/index.php?rest_route=\/wp\/v2\/pages\/22","targetHints":{"allow":["GET"]}}],"collection":[{"href":"https:\/\/administracion.utn.edu.ec\/index.php?rest_route=\/wp\/v2\/pages"}],"about":[{"href":"https:\/\/administracion.utn.edu.ec\/index.php?rest_route=\/wp\/v2\/types\/page"}],"author":[{"embeddable":true,"href":"https:\/\/administracion.utn.edu.ec\/index.php?rest_route=\/wp\/v2\/users\/7"}],"replies":[{"embeddable":true,"href":"https:\/\/administracion.utn.edu.ec\/index.php?rest_route=%2Fwp%2Fv2%2Fcomments&post=22"}],"version-history":[{"count":24,"href":"https:\/\/administracion.utn.edu.ec\/index.php?rest_route=\/wp\/v2\/pages\/22\/revisions"}],"predecessor-version":[{"id":1068,"href":"https:\/\/administracion.utn.edu.ec\/index.php?rest_route=\/wp\/v2\/pages\/22\/revisions\/1068"}],"up":[{"embeddable":true,"href":"https:\/\/administracion.utn.edu.ec\/index.php?rest_route=\/wp\/v2\/pages\/14"}],"wp:attachment":[{"href":"https:\/\/administracion.utn.edu.ec\/index.php?rest_route=%2Fwp%2Fv2%2Fmedia&parent=22"}],"curies":[{"name":"wp","href":"https:\/\/api.w.org\/{rel}","templated":true}]}}