{"id":582,"date":"2013-05-20T11:46:18","date_gmt":"2013-05-20T16:46:18","guid":{"rendered":"http:\/\/www.utn.edu.ec\/facae\/carreras\/comercial\/?page_id=582"},"modified":"2023-01-10T12:31:39","modified_gmt":"2023-01-10T17:31:39","slug":"plan-academico-curricular","status":"publish","type":"page","link":"https:\/\/administracion.utn.edu.ec\/?page_id=582","title":{"rendered":"Plan Estrat\u00e9gico de Carrera"},"content":{"rendered":"<p style=\"text-align: center;\"><strong>PLAN ESTRAT\u00c9GICO CARRERA DE ADMINISTRACI\u00d3N DE EMPRESAS 2019 &#8211; 2023<\/strong><\/p>\n<p>&nbsp;<\/p>\n<p><a href=\"https:\/\/administracion.utn.edu.ec\/wp-content\/uploads\/2023\/01\/PLAN-ESTRATEGICO-ADMINISTRACION-2019-2023.pdf\">PLAN ESTRAT\u00c9GICO<\/a><\/p>\n<p>&nbsp;<\/p>\n<p>&nbsp;<\/p>\n","protected":false},"excerpt":{"rendered":"<p>PLAN ESTRAT\u00c9GICO CARRERA DE ADMINISTRACI\u00d3N DE EMPRESAS 2019 &#8211; 2023 &nbsp; PLAN ESTRAT\u00c9GICO &nbsp; &nbsp;<\/p>\n","protected":false},"author":7,"featured_media":0,"parent":14,"menu_order":4,"comment_status":"closed","ping_status":"closed","template":"","meta":{"footnotes":""},"class_list":["post-582","page","type-page","status-publish","hentry"],"_links":{"self":[{"href":"https:\/\/administracion.utn.edu.ec\/index.php?rest_route=\/wp\/v2\/pages\/582","targetHints":{"allow":["GET"]}}],"collection":[{"href":"https:\/\/administracion.utn.edu.ec\/index.php?rest_route=\/wp\/v2\/pages"}],"about":[{"href":"https:\/\/administracion.utn.edu.ec\/index.php?rest_route=\/wp\/v2\/types\/page"}],"author":[{"embeddable":true,"href":"https:\/\/administracion.utn.edu.ec\/index.php?rest_route=\/wp\/v2\/users\/7"}],"replies":[{"embeddable":true,"href":"https:\/\/administracion.utn.edu.ec\/index.php?rest_route=%2Fwp%2Fv2%2Fcomments&post=582"}],"version-history":[{"count":19,"href":"https:\/\/administracion.utn.edu.ec\/index.php?rest_route=\/wp\/v2\/pages\/582\/revisions"}],"predecessor-version":[{"id":982,"href":"https:\/\/administracion.utn.edu.ec\/index.php?rest_route=\/wp\/v2\/pages\/582\/revisions\/982"}],"up":[{"embeddable":true,"href":"https:\/\/administracion.utn.edu.ec\/index.php?rest_route=\/wp\/v2\/pages\/14"}],"wp:attachment":[{"href":"https:\/\/administracion.utn.edu.ec\/index.php?rest_route=%2Fwp%2Fv2%2Fmedia&parent=582"}],"curies":[{"name":"wp","href":"https:\/\/api.w.org\/{rel}","templated":true}]}}